 factor of 22776?
True
Is 7116 a multiple of 9?
False
Is 2 a factor of 5110?
True
Is 1664 a multiple of 13?
True
Is 12 a factor of 50687?
False
Is 35 a factor of 1820?
True
Is 783 a multiple of 87?
True
Is 12 a factor of 3575?
False
Is 32 a factor of 8672?
True
Is 23 a factor of 5542?
False
Does 15 divide 22268?
False
Is 126 a factor of 1203?
False
Is 18 a factor of 430?
False
Does 130 divide 14040?
True
Is 25 a factor of 24850?
True
Is 165 a factor of 22605?
True
Is 17325 a multiple of 99?
True
Is 43 a factor of 4136?
False
Does 139 divide 24993?
False
Does 22 divide 264?
True
Does 13 divide 430?
False
Is 20 a factor of 4405?
False
Does 8 divide 9886?
False
Is 6 a factor of 891?
False
Is 78 even?
True
Is 70 a factor of 630?
True
Does 8 divide 635?
False
Does 13 divide 2874?
False
Is 205 a factor of 26290?
False
Does 39 divide 1161?
False
Is 11 a factor of 92?
False
Is 112 a multiple of 42?
False
Is 2216 a multiple of 10?
False
Is 47 a factor of 1880?
True
Is 108 a factor of 16238?
False
Is 6473 a multiple of 38?
False
Does 20 divide 13560?
True
Does 13 divide 16231?
False
Is 224 a multiple of 8?
True
Is 9 a factor of 54?
True
Is 49860 a multiple of 38?
False
Is 15 a factor of 34621?
False
Is 22574 a multiple of 12?
False
Is 6 a factor of 1172?
False
Is 10 a factor of 80?
True
Is 8 a factor of 4240?
True
Is 448 a multiple of 28?
True
Does 10 divide 7998?
False
Is 9490 a multiple of 146?
True
Does 36 divide 23184?
True
Is 49 a factor of 4067?
True
Is 289 a factor of 117969?
False
Is 1232 a multiple of 42?
False
Is 32 a factor of 1413?
False
Is 12 a factor of 1894?
False
Does 8 divide 640?
True
Is 5 a factor of 1505?
True
Does 46 divide 3606?
False
Is 10416 a multiple of 93?
True
Is 19 a factor of 1330?
True
Is 657 a multiple of 26?
False
Does 11 divide 5873?
False
Does 64 divide 19328?
True
Is 1744 a multiple of 14?
False
Is 13 a factor of 3627?
True
Is 2207 a multiple of 46?
False
Does 9 divide 252?
True
Is 133 a factor of 4564?
False
Is 11 a factor of 1683?
True
Does 27 divide 9072?
True
Is 653 a multiple of 3?
False
Is 567 a multiple of 63?
True
Does 3 divide 1502?
False
Does 8 divide 10005?
False
Is 120 a factor of 13560?
True
Does 33 divide 4125?
True
Does 84 divide 252?
True
Is 3 a factor of 159?
True
Is 9 a factor of 19359?
True
Is 6 a factor of 423?
False
Does 218 divide 40896?
False
Does 40 divide 140?
False
Does 89 divide 24915?
False
Does 11 divide 3300?
True
Is 41 a factor of 11152?
True
Is 13960 a multiple of 10?
True
Is 33 a factor of 19767?
True
Is 17 a factor of 578?
True
Is 39974 a multiple of 122?
False
Is 66 a factor of 3925?
False
Is 7 a factor of 469?
True
Is 962 a multiple of 13?
True
Does 13 divide 4641?
True
Does 3 divide 199?
False
Does 28 divide 2698?
False
Does 22 divide 8866?
True
Is 540 a multiple of 15?
True
Is 39150 a multiple of 150?
True
Is 68 a factor of 36176?
True
Is 34 a factor of 9316?
True
Is 12 a factor of 408?
True
Is 161 a multiple of 3?
False
Is 326 a multiple of 2?
True
Is 6 a factor of 204?
True
Does 19 divide 11155?
False
Is 2 a factor of 140?
True
Is 32132 a multiple of 61?
False
Is 4 a factor of 6256?
True
Is 42 a factor of 12852?
True
Does 139 divide 12344?
False
Does 57 divide 897?
False
Is 13 a factor of 8801?
True
Is 2320 a multiple of 8?
True
Is 9 a factor of 11450?
False
Is 39372 a multiple of 6?
True
Does 24 divide 12864?
True
Is 263 a factor of 2912?
False
Does 29 divide 58?
True
Is 7 a factor of 728?
True
Is 19 a factor of 551?
True
Is 35868 a multiple of 366?
True
Is 6 a factor of 2922?
True
Is 6272 a multiple of 13?
False
Is 23 a factor of 47863?
True
Does 6 divide 2772?
True
Does 9 divide 5436?
True
Is 1587 a multiple of 11?
False
Is 11949 a multiple of 3?
True
Is 53 a factor of 16938?
False
Is 302 a multiple of 8?
False
Is 10900 a multiple of 100?
True
Does 3 divide 1374?
True
Is 1371 a multiple of 4?
False
Does 10 divide 500?
True
Is 2114 a multiple of 14?
True
Is 11 a factor of 3019?
False
Is 42 a factor of 3822?
True
Does 10 divide 15970?
True
Does 11 divide 2540?
False
Is 18 a factor of 5328?
True
Is 52 a factor of 24960?
True
Is 35 a multiple of 7?
True
Is 8 a factor of 432?
True
Is 102361 a multiple of 94?
False
Is 35 a factor of 140?
True
Is 376 a multiple of 8?
True
Is 1480 a multiple of 10?
True
Does 192 divide 30245?
False
Does 165 divide 1320?
True
Does 9 divide 62073?
True
Is 17484 a multiple of 93?
True
Is 794 a multiple of 6?
False
Is 1757 a multiple of 9?
False
Is 63 a factor of 630?
True
Is 17 a factor of 24531?
True
Is 15 a factor of 570?
True
Is 16 a multiple of 8?
True
Is 19034 a multiple of 62?
True
Is 14 a factor of 1372?
True
Is 12 a factor of 31047?
False
Does 95 divide 11603?
False
Is 19 a factor of 779?
True
Does 13 divide 38064?
True
Is 1953 a multiple of 21?
True
Is 2245 a multiple of 117?
False
Is 20 a factor of 1660?
True
Is 27 a factor of 130?
False
Is 229 a multiple of 8?
False
Is 1739 a multiple of 17?
False
Is 13189 a multiple of 21?
False
Is 50 a factor of 1350?
True
Is 3477 a multiple of 90?
False
Is 286 a multiple of 70?
False
Is 6 a factor of 35936?
False
Is 21 a multiple of 3?
True
Is 22 a factor of 5252?
False
Does 13 divide 2400?
False
Is 210 a multiple of 17?
False
Is 6 a factor of 84?
True
Is 27 a factor of 7158?
False
Is 28 a factor of 91448?
True
Is 2416 a multiple of 29?
False
Does 4 divide 1526?
False
Is 37532 a multiple of 45?
False
Is 77 a factor of 1694?
True
Does 2 divide 823?
False
Is 3655 a multiple of 9?
False
Is 32402 a multiple of 17?
True
Is 17375 a multiple of 139?
True
Is 13 a factor of 273?
True
Does 7 divide 3197?
False
Is 26806 a multiple of 13?
True
Is 2205 a multiple of 45?
True
Is 46008 a multiple of 18?
True
Is 1500 a multiple of 15?
True
Is 517 a multiple of 47?
True
Does 6 divide 65020?
False
Is 21 a factor of 2058?
True
Does 83 divide 2328?
False
Is 220 a multiple of 5?
True
Is 39760 a multiple of 20?
True
Is 47 a factor of 470?
True
Is 22 a factor of 4027?
False
Is 18060 a multiple of 5?
True
Does 45 divide 76244?
False
Is 18 a factor of 1260?
True
Does 382 divide 14898?
True
Is 10660 a multiple of 13?
True
Is 3 a factor of 12825?
True
Does 53 divide 2809?
True
Is 25 a factor of 114?
False
Is 624 a multiple of 48?
True
Is 14 a factor of 464?
False
Is 27 a factor of 648?
True
Is 1185 a multiple of 79?
True
Is 654 a multiple of 29?
False
Does 6 divide 610?
False
Does 2 divide 73?
False
Is 26 a factor of 59?
False
Is 45650 a multiple of 25?
True
Does 127 divide 4699?
True
Does 13 divide 16756?
False
Is 97 a factor of 2425?
True
Is 4300 a multiple of 6?
False
Does 4 divide 11002?
False
Does 26 divide 1038?
False
Does 5 divide 2121?
False
Is 6670 a multiple of 63?
False
Is 9 a multiple of 9?
True
Does 17 divide 307?
False
Is 840 a multiple of 36?
False
Is 165 a multiple of 13?
False
Is 2503 a multiple of 55?
False
Is 79 a factor of 8023?
False
Is 31739 a multiple of 19?
False
Is 2376 a multiple of 33?
True
Does 17 divide 13726?
False
Is 99 a factor of 29515?
False
Does 66 divide 16073?
False
Is 19 a factor of 171?
True
Is 4638 a multiple of 40?
False
Does 5 divide 255?
True
Is 1472 a multiple of 46?
True
Is 16 a factor of 2416?
True
Does 5 divide 53?
False
Is 7178 a multiple of 6?
False
Is 23 a factor of 730?
False
Is 254 a multiple of 4?
False
Does 21 divide 3465?
True
Is 51075 a multiple of 13?
False
Is 21020 a multiple of 2?
True
Is 1160 a multiple of 8?
True
Is 28 a multiple of 28?
True
Is 9 a factor of 25524?
True
Is 13 a factor of 286?
True
Is 82 a factor of 5235?
False
Is 87312 a multiple of 272?
True
Does 101 divide 2879?
False
Does 6 divide 1410?
True
Is 17501 a multiple of 4?
False
Is 138850 a multiple of 39?
False
Is 73258 a multiple of 16?
False
Is 443 a multiple of 72?
False
Is 29 a factor of 455?
False
Is 15 a factor of 3105?
True
Does 83 divide 12118?
True
Is 4161 a multiple of 34?
False
Is 164 a factor of 27716?
True
Is 4 a factor of 2186?
False
Is 519 a multiple of 21?
False
Is 32686 a multiple of 59?
True
Is 1225 a multiple of 35?
True
Is 24 a factor of 1907?
False
Is 588 a multiple of 42?
True
Does 15 divide 540?
True
Does 15 divide 1320?
True
Is 252 a multiple of 14?
True
Is 177 a factor of 325?
False
Is 5 a factor of 191?
False
Does 9 divide 24313?
False
Is 16 a factor of 1095?
False
Does 25 divi